 9.
7
Suppose 0 = -k + 11 - 8. Suppose -k*r - 3*m = -4*r + 33, -5*r + 65 = 5*m. Suppose 0 = 4*v - 13 - 27. What is the remainder when r is divided by v?
8
Let q = -538 - -643. Calculate the remainder when q is divided by 27.
24
Suppose -y = -3*l + 539, 5*l + 7*y = 3*y + 904. Let g = l - 109. Let c(a) = 3*a + 3. Calculate the remainder when g is divided by c(7).
23
Let r be 6/(-33) - 112/(-11). Suppose -r = -d + 19. What is the remainder when d is divided by 8?
5
Let f(p) = 24*p**2 - 2*p - 1. Let y be f(-1). Let h = 116 + -81. What is the remainder when h is divided by (-65)/y*(-2 - 3)?
9
Suppose -4*k + 12 = 0, 2*f - 5*f + 4*k = 0. Let q(m) = -24 + 19*m + 17*m - m**2 - 56*m + 8*m. What is the remainder when q(-7) is divided by f?
3
Let s = 589 + -586. Let g = 0 + 2. Suppose s*u + g*x - 151 = -0*x, -4*u + 3*x = -207. What is the remainder when u is divided by 13?
12
Suppose 19*w - 2430 - 2643 = 0. What is the remainder when w is divided by 68?
63
Let a(d) = -3*d**3 + d**2 - 4*d - 5. Let t(z) = z**3 + 3*z**2 + 3*z + 2. Let r be t(-3). Let l = 52 - r. Calculate the remainder when l is divided by a(-2).
28
Calculate the remainder when 627/3 + (2 + 0 - 1) is divided by 105.
0
Let j(h) = h**2 + 34*h + 46. Calculate the remainder when j(-34) is divided by 12.
10
Let h(y) = y**3 - 13*y**2 + 15. Let l be h(13). What is the remainder when 59 is divided by ((-10)/l)/((-47)/45 - -1)?
14
Let l be -6*2/(9/(-141)*-2). Let q = l + 127. Calculate the remainder when 62 is divided by q.
29
Let q(y) = 3*y - 4. Let g(s) = -s**3 + 6*s**2 - 7*s + 6. Suppose -3*v - v = -16. Let r be g(v). Calculate the remainder when q(r) is divided by 7.
5
Suppose -12*p - 12 = -15*p. Suppose p*y - s - 10 = -3*s, -2*s = y - 4. Suppose -y + 10 = 2*m. Calculate the remainder when 12 is divided by m.
0
Let v be (-6)/6*(1 - 4). Suppose 4*m = v*y + m - 132, 4*y - 171 = -m. What is the remainder when y is divided by 5?
3
Let m(u) = -4*u - 21. Let t be m(-6). Suppose t*w - 79 = 23. What is the remainder when w is divided by 9?
7
Let m(q) = -21*q - 84. What is the remainder when 125 is divided by m(-6)?
41
Suppose -747 = -10*d - 167. Calculate the remainder when d is divided by 18.
4
Let f be -3 + (-6)/69 + (-418)/(-46). Let q = 8 - 4. Suppose 5*s - q*s = f. What is the remainder when 21 is divided by s?
3
Let c = -380 - -437. What is the remainder when c is divided by 18?
3
Let m = 83 + -56. Suppose -t + 2*s - 828 = -314, -3*t - 1520 = 5*s. Calculate the remainder when ((-12)/(-10))/((-12)/t) is divided by m.
24
Let i(b) = b**3 + 9*b**2 - 7*b + 24. Let j be i(-10). Calculate the remainder when 4/j - (-4 + (-2324)/21) is divided by 29.
27
Calculate the remainder when 274 is divided by (18 + -20)*(-50)/4.
24
Let a = -54 - -26. Let l be 54/1 + -3 + 0 + 4. Let k = l + a. What is the remainder when k is divided by 14?
13
Suppose -h = h - j - 564, 5*h - j - 1410 = 0. What is the remainder when h is divided by 19?
16
What is the remainder when (-30)/(-45)*(1790 + -2) is divided by 26?
22
Let i(m) = -2*m**2 - 4*m + 3. Let k be i(-7). Let f = -39 - k. Let p(b) = -9*b + 1. Calculate the remainder when f is divided by p(-1).
8
Let i = 128 - 70. Suppose 3*f + 81 = 3*l - 0, -5*f + 15 = 0. What is the remainder when i is divided by l?
28
Suppose -2*r - g - 4*g = 33, 2*g + 42 = -2*r. Let y = r + 41. Let f(u) = -u**3 - 13*u**2 - 15*u + 29. Calculate the remainder when f(-12) is divided by y.
14
Suppose -n + 121 = -m, 234 = 2*n + 10*m - 8*m. What is the remainder when n is divided by 40?
39
Suppose -2*k = 76 - 80. Let i(r) = r**2 + r - 2. Calculate the remainder when 9 is divided by i(k).
1
Calculate the remainder when 34/3*10*3/2 is divided by 57.
56
Let k = -674 - -811. What is the remainder when k is divided by 11?
5
Let p = -33 + 37. Suppose 20 = -9*g + p*g, 2*x + 2*g = 70. What is the remainder when x is divided by -2*1/1 - -16?
11
Suppose 0 = -7*j + 6 + 1. Calculate the remainder when -1*(j/4 - 154/8) is divided by 7.
5
What is the remainder when (1*7)/((-47)/(-2303)) is divided by 43?
42
Suppose 11 = -3*x + 110. Let l = 52 - x. Suppose 3*q + 5*m = 16, -q + m - 3*m + 5 = 0. Calculate the remainder when l is divided by q.
5
Let f(s) = -s**3 - s**2 - 4*s - 6. Let c(l) be the third derivative of -7*l**4/24 - l**3 + 9*l**2. What is the remainder when f(-4) is divided by c(-3)?
13
Suppose -28 = -z + 4*o, -4*z - 4*o = -0*o - 52. Suppose 3*b + 2*d = 4*b + 54, 4*b = -4*d - 168. Let u = 1 - b. Calculate the remainder when u is divided by z.
15
Calculate the remainder when 12 is divided by 9/(-567)*9 + (-29)/(-7).
0
Let z(n) = -n**3 - 4*n**2 - 4*n. Suppose -5*j = -2*d + 76, 4*j + 64 = 2*d + 2*j. Calculate the remainder when d is divided by z(-4).
12
Suppose i = -z + 3, -z + 4 = 1. Suppose 3*b = -i*b + 30. What is the remainder when 37 is divided by b?
7
Suppose -2*g + 2*h + 3 = -h, 5*g + 4*h - 19 = 0. Let a = -8 + 6. What is the remainder when a/(-2) - -3 - 1 is divided by g?
0
Suppose -28*r + 1185 = -1475. What is the remainder when r is divided by 33?
29
Suppose 0 = 11*o - 13*o + 20. What is the remainder when 159 is divided by o?
9
What is the remainder when 4/(-8) - 2949/(-6) is divided by 17?
15
Let f(r) = -44*r + 2. Let k be f(-4). Let h = -135 + 255. Let z = k - h. Calculate the remainder when z is divided by 20.
18
Suppose -13*b - 3285 = -22*b. What is the remainder when b is divided by 103?
56
Let q(x) = 9*x - 108. What is the remainder when 250 is divided by q(19)?
61
Suppose -11 = 5*z + 4. Let n = -1 - z. Suppose 12 = 5*a + 2*f, 5*a - 3*a + 4 = -3*f. What is the remainder when a is divided by n?
0
Let n be 3/15 - (-1071)/45. Suppose z + 4*h = 6*z - 108, -n = -z + 2*h. Let c = 72 - 33. Calculate the remainder when c is divided by z.
19
Suppose -114 = -3*v - 5*i + 442, -4*v - 4*i = -744. What is the remainder when v is divided by 8?
3
Let v = -11 - -15. Suppose -j + v*j = 27. What is the remainder when 44 is divided by j?
8
Let j = -29 - -19. Let r(w) = -w**2 - 11*w - 10. Let q be r(j). Suppose -3*g - 2*g + 75 = q. Calculate the remainder when 28 is divided by g.
13
Suppose -l - 80 = -3*u, 80*l - 82*l - 85 = -3*u. What is the remainder when 37 is divided by u?
12
Suppose -4*m = -5*m + l + 60, 5*m - 314 = -2*l. Suppose 5*c = -3*y + 111, -4*y + c = -m - 86. What is the remainder when 981/(-3)*(-2)/6 is divided by y?
35
Let f(b) = b**3 - 11*b**2 + 25*b + 7. Calculate the remainder when 71 is divided by f(8).
11
Let j = -995 + 1038. Calculate the remainder when j is divided by 34.
9
Let o be 6*(-10)/(-15) + -2. Suppose 0 = -o*c + 8*c - 24. Calculate the remainder when c is divided by 3.
1
Suppose 4*r + 3863 = 3*p + 1465, 3*r = p - 806. Calculate the remainder when p is divided by 38.
34
Let y(t) = -2*t**3 - 5*t**2 - 3*t + 11. Calculate the remainder when 163 is divided by y(-3).
18
Suppose -11*p + 9*p = -732. What is the remainder when 3/9*(p - (0 - 0)) is divided by 41?
40
Let k = -21 + 26. Suppose n + 4*d + 144 = k*n, 4*d + 48 = n. What is the remainder when n is divided by 13?
6
Let d = -131 - -259. What is the remainder when d is divided by 30?
8
Let f = -5 - -8. Let u = -38 + 31. What is the remainder when 2/u - 2/((-56)/204) is divided by f?
1
Suppose -12*w + 16*w = 76. Suppose 3*u = 13 + 86. What is the remainder when u is divided by w?
14
Let j(q) = -35*q + 394. Calculate the remainder when 314 is divided by j(11).
8
Suppose 4260 + 433 = 13*o. Calculate the remainder when o is divided by 11.
9
Let c = -2 + 14. Suppose -13*x = -c*x - 27. What is the remainder when x is divided by 15?
12
Suppose k + 64 = 3*c, -4*c + 2*k = -17 - 65. What is the remainder when 50 is divided by c?
4
Suppose 0 = -p + 2*h + 41, 3*h = -15*p + 12*p + 96. Calculate the remainder when 136 is divided by p.
31
Let o be ((-5)/(-1))/(-1 - -2). Calculate the remainder when 105 is divided by 5/o + -1 - -27.
24
Suppose 33 = 2*q + 93. Suppose 14 - 77 = -3*d. Calculate the remainder when (-12)/q - (-806)/10 is divided by d.
18
Let a be (-5)/(-2) - (-2)/4. Suppose a*w - 51 = -h, -2*h + 54 = -w + 4*w. Calculate the remainder when 78/273 + 488/7 + 7 is divided by w.
13
Suppose 5*g = -2*v + 29, 2*g - 3 = 4*v - 1. Suppose -v*u = -3*u + 33. Calculate the remainder when u is divided by 3/(-15) - 258/(-15).
16
Let k(n) = -n**3 - 9*n**2 - 